e greatest common factor of 143 and n?
13
Let r(f) = -f**3 - 6*f**2 + 9*f + 6. Let a be r(-9). Suppose -12*x = -137 - 115. Calculate the highest common factor of a and x.
21
Suppose -3*v + 6 + 15 = 0. Let z(n) = -n**3 + 10*n**2 + 3*n + 8. Let q be z(v). Suppose 0 = -85*o + 92*o - 112. What is the highest common factor of q and o?
16
Let k be 2*3/6 + 24. Let u = -75 + 89. Suppose 2*g + 3*z = u - 6, 5*g = -3*z + 38. Calculate the highest common divisor of g and k.
5
Suppose -7*m = 536 - 872. What is the highest common factor of m and 744?
24
Let y be -6 + (2/15 - (-38896)/780). Calculate the greatest common divisor of y and 16.
4
Let w be ((-1)/1 - 0)*2. Let l be ((-4)/6)/(w/6). Suppose 3*h - 36 = l*h. Calculate the highest common factor of 9 and h.
9
Let t be (-3)/7 - (-1)/(-14)*-146. Calculate the greatest common factor of t and 4.
2
Suppose -2*i + 4*o + 393 = 3*i, -3*i + o = -240. What is the greatest common divisor of i and 405?
81
Let n be 61 - 12/(12/3). Let b = n + -18. Calculate the highest common divisor of b and 8.
8
Let h be (3*1)/(33/440). Let n = 299 + -294. Calculate the highest common divisor of n and h.
5
Suppose -22*g + g = -714. What is the greatest common divisor of g and 51?
17
Suppose -102*r + 4000 = -22*r. Let q(h) = 3*h**2 + h. Let s be q(3). What is the greatest common factor of s and r?
10
Suppose -2*h - 3*d - 50 = -273, -4*d = 2*h - 224. Suppose -4*f = 26*c - 21*c - 70, -5*f = -25. Calculate the highest common divisor of h and c.
10
Let h(x) = x**2 - 6*x - 4. Let i be h(3). Let u(c) = c**3 + 12*c**2 - 15*c - 18. Let w be u(i). What is the greatest common divisor of w and 88?
8
Let u be (-1496)/33*99/(-6). Calculate the highest common factor of 68 and u.
68
Suppose 0 = -5*p + 6*t - 2*t + 91, -12 = 3*t. Suppose -19*d = -p*d - 40. What is the greatest common factor of d and 25?
5
Suppose -6 - 174 = -2*o. Calculate the greatest common factor of o and 20.
10
Let r = 1085 + -526. What is the highest common factor of 39 and r?
13
Suppose -8*m + 7*m + 3 = 0. Suppose -5*c = -3*c + 2. Let r be (-32 + m/(-1))*c. What is the greatest common factor of 5 and r?
5
Let o = 12 + -11. Let f be 1/(-2)*(-6)/o. Suppose 3*r + 7 = -8, f*a - 50 = 4*r. Calculate the greatest common divisor of a and 80.
10
Suppose 3*t = -3*t - 1278. Let r = -144 - t. Let z = 21 + 25. Calculate the highest common divisor of z and r.
23
Suppose 6*m - m = 2*d + 202, 8 = 2*d. Let w be 408/(-34) + (73 - -2). What is the greatest common factor of w and m?
21
Suppose 0*b = -15*b + 240. Calculate the greatest common divisor of b and 184.
8
Suppose 1274*z = 1269*z + 360. Calculate the highest common divisor of 504 and z.
72
Let t = -21 + 30. Suppose t*f - 12*f + 6 = 0. Suppose 0 + 12 = f*w. What is the greatest common factor of w and 66?
6
Let q = -22 + 24. Suppose -3*l + 2*j = -2*l - 31, q*l - 3*j = 63. What is the greatest common divisor of 22 and l?
11
Let y = 792 - -213. What is the highest common factor of y and 15?
15
Suppose -4*s - 2*y = -102, 0 = -3*s + 3*y + 63 + 27. Let b = 6 + s. Let v = -20 + 42. What is the highest common divisor of v and b?
11
Let w = -1132 + 1781. What is the greatest common divisor of 118 and w?
59
Let s be 2/(-6) - 181/(-3). Let j(u) = 14*u - 6. Let o be j(7). Suppose -4*l = -4*m - o, 2*l - 11 - 32 = m. Calculate the highest common factor of s and l.
20
Suppose -3*x = -7*x + 8. Suppose 2*p = -3*s - x, -6*s = 3*p - s + 5. Suppose g + 4*h + 7 = 0, -p*g - h + 37 = h. What is the greatest common divisor of g and 3?
3
Suppose 0 = 3*u - 2*i + 3 + 32, -4*i = 3*u + 11. Let c = 15 + u. What is the greatest common factor of c and 3?
3
Let g(v) = v**2 - 21*v - 109. Let c be g(-5). What is the greatest common factor of c and 93?
3
Suppose -2*b = 5*b - 49. Let y = 7 - b. Let q be 3 - -3*(43 + y). What is the highest common divisor of q and 12?
12
Suppose 21*g + 94770 = 111*g. Calculate the greatest common factor of 26 and g.
13
Suppose -2*u = h - 250, -4*u - 393 = -5*h + 871. Calculate the highest common factor of h and 18.
18
Let v(j) = -j**3 + 9*j**2 - 9*j + 12. Suppose 15 = 3*s, g = -0*g - 4*s + 26. Let h be v(g). What is the greatest common factor of h and 11?
11
Let i(n) = 8*n + 3. Let k be i(12). Suppose v + x = 31, 2*v + 64 = 4*v + x. Suppose -31*b - 22 = -v*b. What is the highest common divisor of k and b?
11
Suppose -46 = -3*n + 32. Let h be ((-23)/2*-2)/(10 + -9). Let y = 36 - h. Calculate the greatest common divisor of n and y.
13
Let i(g) = 54*g**2 + 15*g - 1. Let b be i(-3). Calculate the highest common factor of b and 55.
55
Let c(y) = y**2 + y - 13. Let s be c(-6). Let r = 21 - s. Calculate the greatest common factor of r and 16.
4
Let k(h) = 1. Let d(l) = -3*l**2 + 5*l + 3. Let m(j) = -d(j) + 6*k(j). Let o be m(3). What is the greatest common divisor of 30 and o?
15
Suppose 5*j + 43 = -0*o + 2*o, 5*o = -4*j + 25. Let l be 0/(1/(2/(-4))). Let c = o + l. Calculate the greatest common factor of c and 99.
9
Let c = 773 - 764. What is the greatest common factor of 36 and c?
9
Let x(l) = l + 10. Let m be x(-5). Suppose -2*t - m*t = -945. What is the greatest common divisor of t and 15?
15
Let p(r) = 2*r**2 + r - 1. Let f be p(-2). Suppose 15 = g - c, 3*g + 45*c = 43*c + 45. Calculate the highest common factor of g and f.
5
Let g(p) = p**2 + 20*p + 4. Let k = 48 - 69. Let r be g(k). Calculate the greatest common divisor of r and 100.
25
Suppose -4*o = 2*f + 12 - 48, -3*f + 24 = 3*o. Calculate the highest common factor of o and 2.
2
Suppose -5*u = 5*j, 0*u - u = 4*j. Suppose -5*w + 9 + 21 = u. Let v be 51/w*6/1. Calculate the highest common divisor of v and 34.
17
Let d(x) = -x**3 + 17*x**2 - 12*x - 51. Let r be d(16). Let i be 1998/14 + (-2)/(-7). Calculate the highest common factor of r and i.
13
Suppose -56*r + 723 - 219 = 0. Calculate the highest common divisor of 423 and r.
9
Suppose 116*c - 3536 = 99*c. Calculate the highest common divisor of c and 13.
13
Let x = -617 + 27. Let p = x + 854. Calculate the highest common factor of 24 and p.
24
Let v(l) be the first derivative of l**3/3 - 15*l**2/2 + 12*l - 24. Let q be v(15). Calculate the highest common divisor of q and 30.
6
Let d = -789 - -803. What is the highest common divisor of 40 and d?
2
Suppose 4*j - 217 = 2*a + 61, -2*a = 2. Calculate the greatest common factor of j and 368.
23
Let s(m) = 7*m**3 - 2*m**2 - m - 2. Let c be s(2). Let j = 41 - 29. Let d = 98 + j. What is the highest common divisor of d and c?
22
Suppose -12 = -3*x - x. Suppose 0 = x*f - m + 46, f = 5*m - 3*m - 12. Let u be f/(-3)*(42 + 0). What is the greatest common factor of 32 and u?
32
Suppose 0 = -410*k + 408*k + 44. Calculate the highest common factor of k and 979.
11
Suppose 5*h = 5*t - 105, -4*h + 17 = t - 6*h. Let i be 2/(-7) - 354/(-14). Calculate the greatest common factor of t and i.
25
Let k be (-1)/(1 - -1 - 3). What is the highest common factor of k and 8?
1
Let a be 0/5 + 4 + -1. Suppose 0 = t + z - 24, -5*t - 5*z = -a*z - 108. What is the highest common factor of 2 and t?
2
Suppose -4*d + 7*d = y + 45, -2*d = 3*y - 19. Calculate the highest common factor of 14 and d.
14
Let b = -868 + 956. What is the highest common divisor of b and 40?
8
Let d(x) = x**2 + x - 7. Let l be d(3). Suppose 50 = -5*b + l*u, -4 = u - 3. Let j = 3 - b. What is the greatest common divisor of 56 and j?
14
Let m = -565 + 922. Calculate the highest common divisor of m and 51.
51
Let s = 284 - 239. Calculate the greatest common factor of 75 and s.
15
Let t be (14/10)/((-4)/(-20)). Let v(z) = z - 3. Let m be v(1). Let k be ((-21)/m)/((-4)/(-24)). What is the highest common factor of t and k?
7
Suppose 0*l - 8 = -4*l. Suppose -4*z - l*k + 355 = k, 3*k = 3. Calculate the highest common factor of 8 and z.
8
Suppose -3*o - 3 = -2*o, 4*o - 213 = -5*k. Let y(d) = -9*d + 246. Let v be y(24). What is the highest common divisor of v and k?
15
Suppose 0 = -3*y - 2*u + 30, 3*y + 8*u - 13*u - 30 = 0. Suppose 141 = 2*f - 4*v + 3*v, 351 = 5*f - v. What is the highest common factor of f and y?
10
Let l = -297 - -299. Let h be 14/6 - 1/3. Calculate the greatest common divisor of h and l.
2
Suppose -2*t - 12 = -4*b, -10 = t - 4*t - b. Suppose 4*k - 6*k = -16. Calculate the greatest common factor of t and k.
2
Suppose -s + c = -1317, -2655